he highest common factor of 115 and 184?
23
What is the greatest common divisor of 196 and 490?
98
What is the greatest common factor of 122 and 25559?
61
What is the highest common divisor of 81 and 33?
3
Calculate the greatest common factor of 10 and 1380.
10
What is the greatest common factor of 425 and 100?
25
What is the highest common divisor of 1260 and 189?
63
Calculate the highest common factor of 5046 and 174.
174
Calculate the highest common factor of 308 and 880.
44
What is the greatest common divisor of 105 and 5?
5
What is the highest common factor of 48 and 32?
16
Calculate the greatest common factor of 63 and 72.
9
Calculate the greatest common factor of 1269 and 27.
27
Calculate the greatest common factor of 22 and 12144.
22
Calculate the greatest common factor of 63 and 72.
9
Calculate the highest common factor of 2724 and 24.
12
Calculate the greatest common factor of 7313 and 1751.
103
Calculate the greatest common factor of 21 and 1281.
21
Calculate the highest common divisor of 800 and 76.
4
Calculate the greatest common factor of 14 and 1750.
14
Calculate the highest common divisor of 370 and 222.
74
Calculate the highest common factor of 504 and 4984.
56
Calculate the greatest common factor of 36 and 279.
9
What is the highest common factor of 3703 and 46?
23
Calculate the highest common divisor of 1295 and 420.
35
Calculate the greatest common divisor of 9042 and 22.
22
What is the greatest common divisor of 2530 and 330?
110
Calculate the highest common factor of 49 and 56.
7
Calculate the greatest common factor of 13 and 2249.
13
What is the greatest common divisor of 1841 and 4471?
263
Calculate the highest common divisor of 166 and 1079.
83
Calculate the greatest common divisor of 210 and 450.
30
Calculate the highest common divisor of 539 and 22.
11
Calculate the highest common factor of 355 and 639.
71
Calculate the greatest common factor of 429 and 99.
33
What is the greatest common divisor of 48 and 384?
48
Calculate the highest common divisor of 31631 and 94.
47
What is the greatest common factor of 6354 and 36?
18
Calculate the highest common divisor of 469 and 7.
7
Calculate the greatest common factor of 2068 and 44.
44
Calculate the greatest common factor of 45 and 5.
5
Calculate the greatest common factor of 144 and 9372.
12
What is the greatest common factor of 44 and 121?
11
Calculate the greatest common divisor of 12462 and 186.
186
What is the greatest common factor of 2 and 2307?
1
Calculate the highest common factor of 12 and 164.
4
What is the highest common divisor of 496 and 10478?
62
What is the greatest common factor of 69 and 943?
23
What is the greatest common factor of 117 and 390?
39
Calculate the greatest common divisor of 37982 and 14.
14
Calculate the highest common divisor of 34 and 2.
2
What is the highest common divisor of 1044 and 108?
36
What is the highest common divisor of 3381 and 294?
147
Calculate the greatest common factor of 432 and 96.
48
What is the greatest common divisor of 432 and 243?
27
What is the highest common divisor of 6760 and 40?
40
What is the greatest common divisor of 493 and 7192?
29
Calculate the greatest common divisor of 10 and 9.
1
What is the highest common divisor of 20 and 12380?
20
What is the highest common divisor of 14 and 469?
7
What is the highest common factor of 156 and 403?
13
Calculate the greatest common factor of 16856 and 129.
43
What is the greatest common factor of 9823 and 836?
209
What is the greatest common factor of 663 and 156?
39
What is the highest common divisor of 44 and 44?
44
What is the greatest common factor of 25 and 4825?
25
What is the greatest common factor of 24 and 258?
6
What is the highest common divisor of 38 and 190?
38
Calculate the highest common factor of 1445 and 238.
17
What is the greatest common factor of 11 and 8921?
11
Calculate the highest common divisor of 96 and 36.
12
Calculate the greatest common factor of 322 and 299.
23
What is the highest common divisor of 425 and 175?
25
Calculate the highest common factor of 154 and 847.
77
What is the greatest common factor of 537 and 3?
3
What is the greatest common factor of 291 and 388?
97
What is the greatest common factor of 2 and 860?
2
What is the greatest common factor of 23 and 6049?
23
Calculate the highest common divisor of 28 and 700.
28
Calculate the greatest common factor of 10 and 15.
5
Calculate the greatest common factor of 21 and 105.
21
What is the greatest common factor of 12129 and 273?
39
What is the greatest common divisor of 931 and 76?
19
Calculate the highest common factor of 5000 and 15.
5
Calculate the highest common divisor of 13529 and 163.
163
Calculate the highest common divisor of 54749 and 53.
53
What is the highest common divisor of 33 and 198?
33
What is the highest common divisor of 752 and 48?
16
What is the greatest common factor of 690 and 570?
30
Calculate the greatest common divisor of 23 and 299.
23
Calculate the greatest common divisor of 737 and 1273.
67
Calculate the greatest common factor of 5 and 690.
5
What is the greatest common divisor of 7701 and 51?
51
Calculate the highest common divisor of 164 and 41.
41
What is the greatest common factor of 36 and 1764?
36
What is the greatest common divisor of 234 and 152802?
234
What is the greatest common divisor of 644 and 36?
4
What is the greatest common divisor of 923 and 13?
13
What is the highest common factor of 104 and 936?
104
Calculate the greatest common divisor of 4928 and 396.
44
What is the greatest common factor of 121 and 1441?
11
What is the greatest common factor of 3948 and 21?
21
What is the highest common factor of 480 and 400?
80
What is the greatest common factor of 66 and 30?
6
Calculate the highest common divisor of 146 and 48.
2
Calculate the greatest common divisor of 2 and 206.
2
What is the greatest common factor of 14388 and 165?
33
What is the greatest common factor of 30 and 24?
6
Calculate the highest common divisor of 72 and 40.
8
What is the greatest common factor of 18 and 54?
18
Calculate the highest common divisor of 10 and 7900.
10
What is the greatest common divisor of 16 and 480?
16
What is the highest common divisor of 3300 and 2420?
220
Calculate the greatest common factor of 2623 and 61.
61
Calculate the highest common factor of 68 and 85.
17
What is the highest common divisor of 970 and 80?
10
What is the highest common divisor of 84 and 18264?
12
What is the greatest common factor of 102 and 7?
1
Calculate the greatest common factor of 168 and 126.
42
What is the greatest common divisor of 90 and 8010?
90
What is the greatest common divisor of 1026 and 36?
18
Calculate the greatest common divisor of 4 and 32.
4
What is the greatest common factor of 4300 and 86?
86
Calculate the highest common factor of 207 and 667.
23
Calculate the greatest common divisor of 190 and 76.
38
Calculate the highest common divisor of 11098 and 62.
62
Calculate the highest common factor of 187 and 68.
17
Calculate the greatest common factor of 187 and 17.
17
Calculate the greatest common divisor of 30 and 810.
30
Calculate the greatest common factor of 126175 and 103.
103
Calculate the greatest common factor of 265 and 70.
5
Calculate the greatest common factor of 19 and 2432.
19
What is the greatest common factor of 44 and 26972?
44
Calculate the greatest common divisor of 16 and 56.
8
What is the highest common factor of 460 and 260?
20
What is the highest common divisor of 1 and 1249?
1
What is the highest common factor of 6613 and 51?
17
Calculate the highest common divisor of 408 and 255.
51
Calculate the greatest common divisor of 75 and 9795.
15
What is the highest common divisor of 16353 and 621?
207
Calculate the greatest common divisor of 36 and 5748.
12
Calculate the greatest common divisor of 4114 and 187.
187
Calculate the highest common factor of 834 and 18.
6
Calculate the highest common divisor of 472 and 57348.
236
Calculate the greatest common divisor of 1020 and 153.
51
What is the greatest common factor of 962 and 222?
74
What is the greatest common factor of 8 and 56?
8
Calculate the highest common divisor of 18 and 2.
2
Calculate the highest common factor of 136 and 600.
8
What is the highest common divisor of 16951 and 2